
Let w(l) = 37*l**2 - 11*l - 9. Let d be (7/2)/(5/10). Is w(d) composite?
True
Is (3/(-2))/(21/(-1820)) - -4 composite?
True
Suppose 105*r - 111*r + 36 = 0. Suppose -2*c - a + 2123 = 0, -4*c + 4239 + r = a. Is c prime?
True
Let h(f) = -2 - f**2 + 3 + f - 4 + 2. Let n(j) = 2*j**2 - 4*j + 4. Let i(z) = -3*h(z) - n(z). Is i(9) composite?
False
Let y(m) = m**2 - 1. Let o be y(-2). Suppose 2475 = -o*n - 4*b, n - 2*b + 825 = -6*b. Let k = 1532 + n. Is k prime?
False
Suppose 5*t = -0*q + 4*q + 48295, -38625 = -4*t + q. Is t a prime number?
False
Let u = -4475 + 6318. Is u prime?
False
Let h be 30*(20/6 + -3). Let a be 1 + h/(1/1). Suppose -5*s + a = b - 1, -2*s - 47 = -b. Is b prime?
True
Suppose -4*b = 2*m - 34178, -7*b + 9*b + 5*m - 17085 = 0. Is b a composite number?
True
Suppose 5*d + 4*v = 23495, 0 = 2*d - 11*v + 8*v - 9421. Is d composite?
False
Suppose -153 = 3*a - 4*a. Let d = a + -100. Suppose t - d = 18. Is t a prime number?
True
Let n(g) = 226*g**3 + 4*g**2 + 2*g - 1. Let i(r) = 677*r**3 + 11*r**2 + 6*r - 3. Let s(m) = 4*i(m) - 11*n(m). Is s(1) composite?
False
Let g(h) = -h**3 - 6*h**2 - 15*h - 7. Suppose 83*x = 84*x + 6. Is g(x) prime?
True
Suppose 0 = -4*f + 8379 + 45041. Is f a prime number?
False
Let t(o) = 2*o**3 + 2*o + 1. Let k be t(-1). Let d be -569 - (-3 + k + 3). Let c = d + 831. Is c prime?
False
Is 645 - (11 - (-35)/(-5)) a prime number?
True
Let f(l) = l**2 - 7*l - 4. Let s be f(8). Suppose 10 = -7*t - s. Is (-3 - 1125/6)*t a composite number?
True
Let s = -201 + 363. Let h = 458 - s. Suppose -499 - h = -3*o. Is o composite?
True
Is (-2804)/8*(-24)/(0 + 4) a composite number?
True
Let w = -141474 + 244703. Is w a prime number?
False
Let b(y) = y**3 + y**2 + 2. Suppose k - 10 = -k + 2*m, -5*k - 4*m = 20. Let a be b(k). Suppose a*t = 4*l - 816, -2*l - 195 = -3*l - 4*t. Is l composite?
True
Let a be 4/(-16)*-2*0. Suppose a = -0*g - 5*g + 15. Suppose -2*s - g*m = -316, -5*s - m - 351 + 1154 = 0. Is s composite?
True
Suppose -2007 = -6*s + 5*s. Let k = s + -1088. Is k a composite number?
False
Let x(t) = 4342*t**2 + 40*t + 3. Is x(-2) prime?
True
Suppose 0 = -34*f + 301215 + 127559. Is f prime?
True
Let s(p) = 18*p**2 + 5*p - 8. Let b be s(6). Let m = b - -605. Suppose 5*q = -u + 442, -2*u + 2*q = u - m. Is u composite?
True
Let c(z) = -z**3 + 17*z**2 + 19*z - 4. Let j be c(18). Suppose 0 = j*h - 16*h + 356. Is h a composite number?
True
Let q(t) be the second derivative of -t**4/12 - t**2/2 + 6*t. Let i(n) = 10*n**2 + 8*n + 9. Let g(v) = i(v) + 4*q(v). Is g(7) composite?
True
Is (-99)/12*472/(-6) a prime number?
False
Let x(o) = -2698*o**3 + o**2 + o + 1. Is x(-1) composite?
False
Let s = -29 + 51. Suppose 2 = -5*b + s, -2*b - 6277 = -5*k. Is k a prime number?
False
Suppose -194 - 996 = -10*q. Is q a composite number?
True
Suppose 3*x - 6 = 0, -2*x = -2*c + 6*c - 2036. Suppose 1502 = 2*p + c. Is p a composite number?
True
Suppose 1494 = -2*t - 5*s, 4*t + 2035 = -2*s - 969. Let y = t + 1123. Is y composite?
True
Let z be (0/1 + -1)*-3. Suppose -n - 53 = -2*y, -z*y = -5*n - 38 - 31. Suppose -226 - y = -2*o. Is o a prime number?
True
Let b(i) = 7*i**2 - 60*i + 99. Is b(28) composite?
False
Let a = -1998 - -4300. Is a*(-12)/(-32)*(-8)/(-6) a prime number?
True
Let p be (-4)/(-1) - (-7 - -7). Suppose 2*k - c = -5*c + 3478, -p*k + 6926 = -2*c. Is k a composite number?
False
Let c be (495/(-22))/(3/(-4)). Suppose y = 79 - c. Suppose -5 + y = 2*k. Is k composite?
True
Let o(y) = -19*y**3 + 6*y**2 + 4*y + 7. Is o(-4) a prime number?
True
Let u be 177/15 - (-2)/10. Suppose -u*j = -16*j + 2540. Is j a composite number?
True
Suppose -4*m = 2*k - m - 13057, 5*k - 5*m = 32580. Is k composite?
False
Let m = 12493 - -316. Is m a composite number?
False
Suppose 0 = 3*r + 27 - 63. Suppose 0 = -3*p + l + r, 3*p + 2*l + 3*l + 6 = 0. Suppose p*d + 190 = 1069. Is d prime?
True
Let v(n) = -8*n - 9. Let r = 67 + -75. Is v(r) a prime number?
False
Let n = -770 + 1327. Is n a composite number?
False
Suppose -6*d + 12268 = -5*d. Suppose 3*y = -y - 4*l + 24576, -d = -2*y + 2*l. Is y prime?
False
Let y(f) = f**3 + f**2 - 2*f + 57. Let k be 0 - -3 - (-2 + 5). Is y(k) a composite number?
True
Suppose -293361 = -11*b - 75154. Is b a prime number?
False
Let z(c) = c**2 + 3*c + 7835. Let d be z(0). Suppose 4*b = -b + d. Is b a composite number?
False
Let w(z) = -46*z + 7. Let o(n) = n - 1. Let y be o(9). Let q(a) = a**2 - 9*a + 3. Let g be q(y). Is w(g) a composite number?
True
Let z(r) = 84*r**2 + r + 3. Let x be z(3). Suppose 2*v + 2*k - 1626 = 0, -3*v + x = -5*k - 1645. Is v composite?
False
Suppose -945399 = -50*j - 269249. Is j a prime number?
True
Let q = -46 + 2109. Suppose -2*u + 1357 = p, 3*u + 3*p - 7*p = q. Is u a composite number?
True
Suppose 0 = -4*r + x + 10017, -83*r + 4*x + 7529 = -80*r. Is r a composite number?
False
Let g(c) = -127*c. Let m(j) = 6*j + 3. Let w be m(1). Let o(n) = 2*n - 19. Let p be o(w). Is g(p) prime?
True
Let t = 321 - 212. Is t a composite number?
False
Let c(x) be the second derivative of 5*x**4/6 - 13*x**3/6 + 4*x**2 + x. Is c(-11) a composite number?
False
Is ((-103198)/(-6))/(208/624) a composite number?
False
Let g(i) = i**3 - 6*i**2 + 3*i + 12. Let h be g(5). Suppose 20 = -5*k, -2*n + h*k + 19793 = n. Is n a prime number?
False
Let y(g) = 24*g**3 - 5*g**2 + 5*g - 1. Is y(2) a composite number?
False
Let v(y) = -1749*y**3 - 5*y**2 - 6*y - 2. Let q be v(-1). Suppose 3*m - 7039 - q = 0. Is m composite?
True
Suppose 373 = 5*z + 4*j, 370 = 5*z + 8*j - 3*j. Suppose -3*r + 216 = 5*t, -r - 2*t + 70 = -t. Suppose -h + k + r = -2*k, h - z = k. Is h a composite number?
True
Suppose -12*o - 10715 + 255671 = 0. Is o prime?
False
Let l(x) = x**3 - x**2 + 1. Let b(w) = -426*w**3 - 5*w**2 - 2*w + 3. Let k(c) = b(c) - 5*l(c). Is k(-1) composite?
False
Let s = -25 - -29. Let j(a) = 29*a**3 - 2*a**2 - a - 4. Let w be j(s). Let b = -995 + w. Is b a composite number?
False
Let j = -22 + 26. Suppose -3*a = -j*k - 28, -3*a - 2*k - k = 0. Suppose -966 = -2*y - a*y. Is y a composite number?
True
Let y(j) = -3*j**3 - j**2 + 17*j - 26. Is y(-11) composite?
False
Let i = -47 + 41. Is 281/2 - (-9)/i prime?
True
Let g(r) = r - 1. Suppose 15 = 7*c - 2*c. Let i be g(c). Suppose -2*s - 5512 + 967 = -5*u, -1812 = -i*u + 2*s. Is u prime?
True
Let t(s) = -s**2 - 10*s - 8. Let g be t(-7). Let h(u) = u**3 - 15*u**2 + 3*u - 6. Let o be h(g). Let w = 436 + o. Is w composite?
False
Let j = -1374 + 3083. Is j composite?
False
Suppose 440 = 2*h + 8*h. Suppose -w = 4*c - 46, -2*w + 24 = -4*c - h. Is w prime?
False
Suppose -2*w + 9 = 11. Is 4082/6 + -1 - w/(-3) composite?
True
Let r(w) = 225*w + 23. Let h(c) = -56*c - 6. Let u(y) = 26*h(y) + 6*r(y). Is u(-10) a composite number?
True
Is 256557/9 - (235/(-15) - -15) prime?
False
Suppose 4*c - 3*c + 13 = 3*w, -4*w + 18 = -c. Suppose 5*i - 2*i - 5*h = -24, 5*h = c*i + 21. Is ((-999)/(-6))/i*-2 a prime number?
False
Let n(w) be the second derivative of w**4/4 + 13*w**3/6 + 3*w**2 + 22*w. Is n(-11) prime?
False
Is 6 + 16/(-4) + 20847 composite?
False
Suppose 147401 = 5*z - 4*h, 4*z - 3*h = 2*h + 117928. Is z composite?
True
Let r = 3058 + -1401. Is r a prime number?
True
Let c = 33 + -32. Is (c - -1863) + 57/19 prime?
True
Suppose -4*j = -2 - 34. Suppose j = -0*b + b. Is (b/6)/((-2)/(-28)) a composite number?
True
Suppose -2*j = 35 + 17. Let d = 31 + j. Suppose 0 = -d*o + 1993 + 3142. Is o a composite number?
True
Let l = 23458 + -16337. Is l composite?
False
Suppose -h - 7 = -0*h. Let s(j) = j**3 + 12*j**2 + 9*j + 3. Is s(h) a composite number?
True
Suppose 4*k - 42 = 4*x - 2, 4*k = 5*x + 38. Suppose k*o - 36 = 8*o. Suppose o = -4*s - 3, -3*s - 164 = -5*u. Is u prime?
True
Let c(a) = 5*a - 4. Let m be (-1)/3 - (-32)/24. Let f(x) = x + 1. Let y(g) = m*c(g) - 3*f(g). Is y(13) a prime number?
True
Suppose 2*q - 2*v - 2 = v, 0 = 5*v + 10. Let s be (-1 - -9)*q/(-4). Suppose 3*a + 149 = 2*g, 3*g + a + s*a - 176 = 0. Is g prime?
True
Is (-725959)/(-143) - (-16)/44 a composite number?
False
Let f = 13 + -25. Let z be 3868/(-14) - f/42. Let u = -149 - z. Is u a prime number?
True
Let q(d) = 31*d**2 + 6*d + 3. Let g be q(-4). Let p = g - 266. Is p composite?
True
Let z = 60659 - 37924. Is z prime?
False
Let c be 36/8 - 2